 - (-1486)/5. Suppose -i - 152 = -4*q + j, -3*q + 335 = -2*i. Is q composite?
False
Let a be 10*((-2)/5 - 0). Let w be a*(-1)/((-8)/6). Is w/3*(2 - 85) a composite number?
False
Is 511 - 7/((-21)/(-6)) prime?
True
Suppose -5*j + 35 + 30 = 0. Is j a composite number?
False
Let z(l) = -1 - 4*l + 2 + 5*l**2 + 2*l. Let t be z(1). Suppose 0 = -5*r - 3*g + 58, -2*r + g = -t*g - 17. Is r a composite number?
False
Let d = 81 - 28. Is d a composite number?
False
Let k(h) = -3*h + 1. Let c be k(-1). Suppose n - 6 = -5*x, n = -x + c*x - 10. Suppose x*t + 70 = 4*t. Is t composite?
True
Suppose -2*x = -425 - 6093. Is x a composite number?
False
Suppose 9*a = 11*a - 382. Is a a composite number?
False
Let w(o) = 31*o**3 + 3*o + 4. Let x(d) = -d**3 + d + 1. Let a(b) = w(b) - 3*x(b). Suppose -1 = 6*f - 7. Is a(f) composite?
True
Suppose -16 = -3*w - b, -3*w = -b - 7 - 1. Suppose -3*v + 2*y + 125 = 0, 0*y + 200 = w*v + 4*y. Suppose -2*q + v = -1. Is q composite?
False
Suppose g + 3*n = 9, 4*g - n + 0 = -3. Let z = -4 + g. Is (z/(-6))/(8/1068) a prime number?
True
Suppose 4*k = -5*d + 9256, 3*k - 6931 = -4*d + 3*d. Is k composite?
False
Let t be (-222)/2*(-2)/6. Let m = 14 + t. Is m a composite number?
True
Suppose 0 = -3*m - 0*m - 12. Let i be ((-2)/m)/(1/(-2)). Is (i - 0)/((-1)/39) prime?
False
Is (-48)/(-36) - (-107)/3 a prime number?
True
Let r(d) = 945*d + 43. Is r(4) a composite number?
False
Suppose 5*q - 546 = 2*q. Suppose -m = -3*m - u + q, -u = 0. Is m a prime number?
False
Let d(v) = -3 + 2*v**2 + 1 + 0*v**2 + 0*v - v. Is d(4) a prime number?
False
Let w be (17 + -1)*(-33)/(-3). Suppose 0 = 5*v - 3*h - 3 - w, -3*h = -v + 31. Is v a composite number?
False
Suppose 2 - 14 = 3*z. Is 114/z*2/(-3) prime?
True
Let l(w) = -w**3 - 8*w**2 - 10*w - 6. Let h(f) = f**2 - f - 7. Let x be h(0). Is l(x) composite?
True
Let b(l) = -8*l**3 - 23*l**2 - 20*l + 10. Is b(-9) a composite number?
False
Let y(l) = l**3 + 6*l**2 + 5*l + 2. Let z be y(-8). Is (0 + z/4)*-2 a prime number?
True
Let p be ((-2)/2 - -1)/(-2). Let w = p - -1. Is (w - 26)*(2 - 3) prime?
False
Let g be 13473/(-117) + 2/13. Let j = g + 182. Is j a composite number?
False
Suppose 5*i + 2*x - 4374 = 4741, 0 = -2*x. Is i composite?
False
Let u be 12/(-54) - 94/(-18). Is (4 - 41)/((-1)/u) prime?
False
Suppose -h = 3*c - 5*c + 1198, 4*c - 2400 = 3*h. Is c prime?
False
Suppose 4*g - 3*s - 708 = -7*s, 0 = 2*g - s - 345. Suppose 461 = 5*i - g. Is i a composite number?
False
Let o(c) = -150*c - 2. Let n be o(-2). Suppose 85 = -k + n. Is 2/(-3*(-2)/k) a prime number?
True
Suppose 0 = -i + 5*i - 12. Suppose 0*g - 9 = -i*g. Suppose -d - 70 = -g*d. Is d composite?
True
Suppose -4*y + 1846 = 170. Is y a composite number?
False
Let w = -236 - -439. Is w a composite number?
True
Suppose 4*i = -3*y - 79 - 140, -5*y - 113 = 2*i. Let m = 1 - i. Is m composite?
True
Suppose 0*j - 161 = -j. Is j prime?
False
Let k(d) = d**3 - 15*d**2 + 27*d - 28. Is k(17) a prime number?
True
Is ((-1724)/(-10))/(12/30) prime?
True
Suppose 0 = -5*p + p - 360. Is (1 + 0 - p)*1 composite?
True
Let s = 219 - 100. Is s a composite number?
True
Suppose 3*r + 2*o + 1 + 0 = 0, 5*r = -3*o - 2. Let n(a) = 2*a**2 + 1. Let b be n(r). Suppose b*h + 4*m = 10, -3*h + h = 2*m - 6. Is h composite?
False
Suppose 0 = -8*g + 2036 + 1316. Is g a prime number?
True
Let q(d) = -35*d - 7. Let s be q(-5). Let p = s - 101. Is p prime?
True
Suppose -8*y + 1007 = 119. Is y composite?
True
Let b(a) = a + 6. Let n be b(-5). Let m = 33 + 14. Is (-1)/(n/(-1))*m prime?
True
Let z be 1*-5*(-4)/(-10). Let k be -2*((-618)/4 + 1). Is z/(-8) + k/4 composite?
True
Let l = -47 + 126. Is l a prime number?
True
Suppose f + 4*x = 5*x + 5, -10 = -2*f - 3*x. Suppose -20 = f*y, -6 = -5*q + y - 2. Suppose -4*t - 3*c + 547 = q, -c - 20 = -5*c. Is t a prime number?
False
Let b(x) = x**2 + 8*x. Let m be b(-8). Let k = m + -2. Let h = 9 - k. Is h prime?
True
Let y(q) = -q**2 - 8*q - 1. Is y(-7) a prime number?
False
Let m(v) = -21*v + 4. Let l be m(-3). Let a = l + 2. Is a composite?
True
Let q(d) = 14*d**3 - d**2 + d - 1. Suppose -l + 6 = 2*w, -2*w + 5*w + 5 = -5*l. Suppose c = 6*c - w. Is q(c) prime?
True
Suppose -2*p + 20 = -2*d, 11 = -4*d + 3*p - 24. Let k be (-453)/d - 8/(-20). Suppose -a = -4*h - k, h - 6*h = -a + 94. Is a a composite number?
False
Suppose -12*m + 7*m = -265. Is m a composite number?
False
Let n = 1454 + -237. Is n prime?
True
Let r = -1524 + 2578. Let j = r - 635. Is j a composite number?
False
Suppose 0*g - 2*g + 212 = 0. Suppose 3*f - 451 = -g. Is f a prime number?
False
Let h be -2 - (-3)/(9/6). Let o = 111 - h. Is o a composite number?
True
Suppose 3*x = -n + 1181, 4*x + 2*n = 753 + 819. Is x a composite number?
True
Let s = 2547 - 1654. Is s a prime number?
False
Let q = -2538 - -4179. Is q a prime number?
False
Suppose 0 = -3*y - h + 1472, 640 + 838 = 3*y - 5*h. Is y prime?
True
Let j = 2 - -3. Suppose 5*f = j*a, -5*a + 2*f + 14 = 4*f. Suppose 0 = -a*y + y + 10. Is y a composite number?
True
Let j be (-1 - 0)*(1 - 1). Suppose l - 251 = -j*l. Is l composite?
False
Let z = 2 - 7. Let d = z - -8. Is d/6*0 + 53 prime?
True
Suppose -2*m - 6 = m. Let p(a) = -42*a - 1. Is p(m) composite?
False
Suppose 165*r - 167*r + 878 = 0. Is r a composite number?
False
Let x = 15 - 10. Suppose x*q + 662 = 7*q. Is q composite?
False
Suppose -5*i - 5 = -20. Suppose -30 - 81 = -i*j. Is j composite?
False
Let n(z) = 25*z + 21. Let q(m) = -13*m - 11. Let s = -12 - -6. Let c(k) = s*n(k) - 11*q(k). Is c(-6) a composite number?
False
Suppose -2*i + 319 = 3*c + 84, -3*c - 241 = -2*i. Is i composite?
True
Suppose -x = 8 - 2. Let u(f) = -7*f + 4. Is u(x) composite?
True
Let y = -399 - -679. Suppose 2*l - 2*w - 278 = 0, -2*l + 0*w = -w - y. Is l composite?
True
Suppose 2*y + 8*y = 13810. Is y prime?
True
Let a be 16/6 + (-2)/3. Let k be 0*(1 - a)*1. Suppose 4*o + k*o = 148. Is o a prime number?
True
Suppose 2*t - 125 = 1233. Is t composite?
True
Let w(l) = -l + 15. Let o be 85/20 - (-1)/(-4). Suppose -2*h + 3*s + 0 = -3, o*h - s = 1. Is w(h) prime?
False
Let b = -403 - -1926. Is b a composite number?
False
Let m(i) = -i**2 - 3 + 49 + 2*i - i. Is m(0) composite?
True
Let o = 19 - 0. Is o a composite number?
False
Let f be ((-5)/(-10))/(1/2). Suppose 0 = -2*s + 45 + f. Is s a prime number?
True
Let c(f) = f**2 - 5*f + 2. Let b be 14/(-35)*5*-1. Let a be c(b). Is 951/12 - (-1)/a a prime number?
True
Let v(l) = l**2 + l + 5. Let t be v(0). Suppose w = -0*w, t*c - 2*w - 130 = 0. Is c composite?
True
Suppose -h = 4*p - 40290, h - 34175 = -3*p - 3958. Is p prime?
False
Suppose -2*g + 5*g = 9. Suppose 207 = 3*y + g*a - a, 61 = y - 2*a. Is y composite?
False
Let l = -38 - -105. Is l a prime number?
True
Let y be 1/2*(-1 - 13). Let p be (y*(2 - -11))/1. Is -2 + (1 - 1) - p composite?
False
Let f = -19 + 29. Suppose 5*i - 5*o - f = 0, -2*o - o + 14 = 2*i. Suppose 5*b = 2*b - i*p + 201, -2*p = 0. Is b prime?
True
Suppose -8*u = -3*u - 15. Suppose -5*i - 4*g + 11 = 0, u*g = -3*i - 0*g + 9. Is i/(1*1/(-79)) composite?
False
Suppose 15 = 5*w, 0*h + w + 1471 = 2*h. Is h prime?
False
Is (-2)/(30/(-561))*5 a prime number?
False
Let l = 9 - 8. Is (l + 1 - 1)*94 prime?
False
Let z be (-71)/3 - 4/(-6). Let y = -4 - z. Is y a prime number?
True
Suppose h - 40 - 92 = 5*d, d + 128 = h. Is h a composite number?
False
Let u be (-2)/(-2) - -3*75. Suppose -5*y + 3*h - 432 = -58, u = -3*y + h. Let v = 15 - y. Is v composite?
True
Suppose u - 2*u = 0. Suppose u = 3*z + 2*n - 163, 3*z + n - 6*n = 149. Is z a prime number?
True
Suppose 0 = -26*i + 24*i + 542. Is i prime?
True
Suppose 4*m + m = -5*o - 10, 4*m = -12. Suppose 2*j + 2*l + 24 = 0, 4*j + 2*l + 47 = 9. Is ((-3)/3)/(o/j) a prime number?
True
Let g = 65 - 46. Let v be g/7 - 2/(-7). Let l = v + 82. Is l a prime number?
False
Let v(f) = -f - 2. Let o be v(-5). Suppose -4*b = -o*b - 157. Is b prime?
True
Suppose 0 = -5*y - 4*t + 2, 2*t + 3*t = -2*y - 6. Suppose 15 = y*s - 17. Suppose -39 + s = -l. Is l composite?
False
Is (36 + 2)*5/10 composite?
False
Let m = 39 - 10. Let h(b) = -2*b - 3. Let x be h(-3). Suppose x*a - m = 142. Is a a prime number?
False
Let p(q) = -q**2 + 8*q - 5. Let d be p(8). Is 74*-1*(-6 - d) a prime number?
False
Let n(f) = -f**2 - 7*f - 4